 - 1/180*o**6 + 1/120*o**5 + 1/12*o**4 + 1/2*o**3 + 0 + 4*o. Let r(d) be the second derivative of z(d). Give r(3).
-13
Let r(b) = b - 1. Let f(l) = l. Let c(n) = -4*n + 1. Let v(s) = 6*c(s) + 22*f(s). Let m(h) = 4*r(h) + v(h). Give m(-5).
-8
Let k(s) = -s**3 + s. Let c(z) = 7*z**3 + z**2 - 5*z. Let a = 32 + -38. Let r(w) = a*k(w) - c(w). Calculate r(-2).
6
Suppose 7*f - 5*f + 1 = 3*x, -5*f = -5. Let m(s) = -8*s**2 + 1. Calculate m(x).
-7
Let u(o) be the second derivative of 2*o**2 - 25*o + 0 - 1/6*o**3. Determine u(2).
2
Let h(v) be the first derivative of v**2/2 + 3*v - 13. Calculate h(3).
6
Let h(o) be the second derivative of o**4/12 + o**3/6 + 3*o**2/2 - 4*o - 8. Give h(-4).
15
Let i(o) = 19 + 3*o + 14 + o - 26. What is i(-3)?
-5
Suppose 0*s - 2*s + 12 = 0. Let x(r) be the second derivative of 0 - 67*r + r**3 - 1/12*r**4 - 2*r**2. Determine x(s).
-4
Let f(z) = -z**3 - 8*z**2 + 10*z - 9. Let g be f(-9). Let x = g + 19. Let v(w) be the third derivative of -3*w**5/20 + w**4/24 - 2*w**2. Determine v(x).
-8
Let m = 899 + -897. Let x(w) be the first derivative of -3*w**2/2 - 2*w + 1. Calculate x(m).
-8
Let c(k) = 29*k**3 + 8*k**2 - 4*k - 5. Let p(q) = 29*q**3 + 10*q**2 - 5*q - 6. Let i(y) = -5*c(y) + 4*p(y). Calculate i(1).
-28
Let b(h) = -1 - h**2 - 28*h**3 - 19*h**3 + 44*h**3 + 2*h. Calculate b(-2).
15
Let g(h) = h + 16. Suppose -19*y = -24*y + r - 52, -4*r + 8 = 0. Calculate g(y).
6
Let s(r) = -16*r**2 - r - 48. Let l(a) = 3*a**2 + 9. Let v(q) = -11*l(q) - 2*s(q). Give v(3).
-6
Let v(n) = -3*n**2 + 21*n + 2. Let m be v(7). Let f(r) = -2*r - 1 - m*r + 2*r + 3*r. Determine f(0).
-1
Let w = -11 + 13. Let f(n) = n + 0*n - n**2 + n**w + 3*n**2. Let s = -2 + 3. Determine f(s).
4
Let k be 1*(0 - (-5)/(-1)). Let l(v) be the first derivative of 1/4*v**4 + 5 - 3/2*v**2 + 2*v + 4/3*v**3. Determine l(k).
-8
Let w be (136/340)/(((-96)/10)/(-2)). Let n(s) be the second derivative of 7/10*s**5 + w*s**4 + 0*s**3 + 0 - 1/2*s**2 + 8*s. Determine n(-1).
-14
Let h(g) be the third derivative of g**4/24 + g**3/2 + 34*g**2 - g. Let t(d) = d + 3. Let s be t(-3). What is h(s)?
3
Let b(w) = -w + 4. Let q(s) = -2*s - 2. Let x(m) = -b(m) + q(m). Give x(-6).
0
Let h be 2 + (3/1 - 5). Let x(l) = -1 + 3 + h + 4*l. Determine x(-3).
-10
Let j be -2 + 1 + 8 + (-4 - -1). Suppose -4*m + 15 = -f, -12 = j*f - 4*m - 0*m. Let t(k) = -4*k**2 + 1. Determine t(f).
-3
Let d(v) = 14*v**3 + v**2 - 3*v + 18. Let i(t) = -5*t**3 - t**2 + t - 6. Let r(h) = -4*d(h) - 11*i(h). Calculate r(7).
1
Let g(s) = 4*s**2 + 3*s**3 + 2*s**2 + 2 + s - 2*s + 5*s - 2*s**3. Determine g(-6).
-22
Let u = 0 - 6. Let h(g) be the first derivative of -3*g**2/2 - 2*g + 38. Let o(m) = -4*m - 2. Let x(z) = 5*h(z) - 4*o(z). Calculate x(u).
-8
Let u(t) be the first derivative of -5*t**4/2 + t**2/2 - t - 395. Determine u(1).
-10
Suppose 38 - 338 = 60*q. Let a(n) = -5*n. Calculate a(q).
25
Let r(d) = -d**3 + d + 2. Let w be r(-1). Let k(h) = 6*h**2 + 0*h**2 - 2*h + w - 5*h**2. Calculate k(4).
10
Let t(p) = -p**3 + 24*p**2 + 13. Let m be t(24). Let r(n) = 5*n**2 + m*n**3 + 10*n**3 - 22*n**3 + 6*n. Calculate r(-4).
-8
Let z(l) = 2*l**3 - 5*l**2 + l + 5. Let c(k) = -2*k**3 + 6*k**2 - k - 6. Let q(r) = 5*c(r) + 6*z(r). Calculate q(2).
18
Let n(p) = 15*p + 16. Let i(o) = 8*o + 8. Let z(l) = -11*i(l) + 6*n(l). Give z(-7).
-6
Let y(a) = 3*a + 55*a - 3 - 35*a. Give y(-2).
-49
Let i(k) = k**3 + 4*k**2 - 8*k + 5. Let m(u) = 3*u**3 + 8 + 8*u**2 - 15*u + 5 - 3 - u**3. Let p(a) = 5*i(a) - 3*m(a). Let x = 73 + -78. Determine p(x).
-5
Let y(f) = f**2 + 3*f - 19. Let s = 814 - 811. Determine y(s).
-1
Let d(r) be the third derivative of -r**6/120 - r**5/30 + r**4/24 + r**3/3 - 13*r**2. Give d(2).
-12
Let h(m) = -1. Let t(r) = -r**3 + r**2 + r - 7. Let f(d) = 11*h(d) - 2*t(d). Calculate f(2).
7
Let v(z) = -11*z**3 + z**2 - 2*z - 2. Let g be v(-1). Let b = g + -17. Let y(h) = h**2 + 5*h + 2. Determine y(b).
2
Suppose s + 0 = -2. Let n(p) be the third derivative of -p**5/20 - p**4/6 - p**3/2 - 284*p**2. Determine n(s).
-7
Let p(i) = 2*i + 1 - 5 - i + 0. Let v be p(4). Let k(j) = -3 + v - 9*j + 12*j. Give k(2).
3
Let b = 52 - 47. Suppose -6*l - b = -l. Let v(h) = -h**2 - h - 1. Give v(l).
-1
Let k(z) = -z**3 - 27. Let c(b) = -2*b**3 - 21*b**2 + 9*b - 22. Let o be c(-11). Calculate k(o).
-27
Let h(s) be the second derivative of -s**5/20 + s**4/3 + 2*s**3/3 - 5*s**2/2 + s. Let v be ((-253)/(-69))/(44/48). Give h(v).
11
Let n be 1/4 - 63/(-4). Suppose -12*d = -n*d - 20. Let m(c) = c**2 + 4*c + 2. Give m(d).
7
Suppose m = 6*m - 2*h - 7, -4*m = -2*h - 6. Let y(w) = 21*w + 1. Let n(p) = 41*p + 2. Let i(d) = -4*n(d) + 7*y(d). What is i(m)?
-18
Suppose 2*s - 6 = g, 4*s + 5*g - 6 = 5*s. Let p(q) = -s*q + 403 - q - 403. Calculate p(-1).
5
Let s(u) = u**2 - 2*u - 3. Let x(g) = g**2 + 3*g - 3. Let b be x(1). Suppose 5*n + 12 = 4*t, 3*t + b = -n - 9. Determine s(t).
5
Suppose 0 = -4*f - 2*y + 4, -y = -f - 3*y + 4. Suppose -i - 3*v = -f*v, 2*i = -5*v + 5. Let g = i - 14. Let q(l) = -2*l**2 + l. Give q(g).
-1
Let q be 140/(-8)*16/(-10). Let n(b) = -q*b - 2 + 11*b - b**2 + 13*b - 2. Determine n(-6).
-16
Suppose 43*z - 50 + 136 = 0. Let r(h) = -h - 5. What is r(z)?
-3
Let o(v) = 10*v - 10. Let d(a) = 1 - 9 + 6 - 3*a + 5. Let y(c) = 7*d(c) + 2*o(c). Calculate y(9).
-8
Let n(m) be the first derivative of m + 1. Let v(w) = -2*w - 8. Let l(d) = 2*n(d) + v(d). What is l(-4)?
2
Let d(m) = -m**3 + 10*m + 3. Let k be d(-3). Let x(f) = -5*f - 81. Let q(s) = s + 16. Let o(v) = 11*q(v) + 2*x(v). Determine o(k).
14
Let o(x) = -16*x - 1. Let r = 74 + -71. Suppose 4*l + i = 0, -3*l = -2*i - r*i + 23. Calculate o(l).
15
Let a = -6 - 1. Let b be ((-10)/(-6))/(a/21). Let z(p) = p**3 + 6*p**2 + p - 7. Calculate z(b).
13
Let n(s) be the first derivative of -2*s**2 - 2*s - 24. What is n(1)?
-6
Let t(p) be the second derivative of p**4/12 + p**3 + 5*p**2/2 - 362*p + 1. What is t(-6)?
5
Let h(q) = -5*q**2 - 6 - 84*q**3 - 38*q + 85*q**3 + 39*q. What is h(4)?
-18
Let s(o) = 5*o**2 - 1. Let j(f) = -f**3 + 11*f**2 + 16*f - 12. Let r be j(12). Let v = 35 - r. Determine s(v).
4
Let t(u) = -u + 18. Suppose 27*k = 38 + 421. Determine t(k).
1
Let o(d) = 4*d + 28. Suppose 0 = -31*p - 8*p - 273. Give o(p).
0
Let k = -1889 + 1888. Let v(j) = -34*j**3 + j + 1. Give v(k).
34
Suppose -24 + 25 = z - 2*d, d = -3*z + 3. Let o(u) = 2 + u - 2 + 1. Calculate o(z).
2
Suppose 32 - 20 = -4*a. Let k(w) = -w - 2. Calculate k(a).
1
Let z be 3/(-15) + (-182)/(-35). Let s(g) = 57*g - 58*g + 4 - 1. What is s(z)?
-2
Let y be (4/(-7))/((-12)/42). Let c(n) = -7*n + 14 - 3 - 10. Determine c(y).
-13
Let w(x) = -6*x - 2*x - x**2 - 13 + 5. What is w(-7)?
-1
Let d(p) = 2*p**3 + 4*p**2 - 4*p + 2. Let l = -67 + 82. Let r be ((-6)/l)/(9/(-45)). Give d(r).
26
Let c(u) = -u**2 - 3*u + 7. Let r(z) = z + 3*z + z**2 + 2*z - 5*z. Let i(f) = f**2 - 2*f + 7. Let o(n) = i(n) - 2*r(n). Let s be o(-6). What is c(s)?
-3
Let u(z) = z**3 - 2*z**2 - 4*z + 3. Let b be 0 + -1 - 9/9. Suppose -9*v + 111 = -33. Let s be ((-24)/v)/(1/b). Determine u(s).
0
Let n(p) = p**2 + 16*p - 19. Suppose -456 = 5*g - 371. Determine n(g).
-2
Let l(g) = 2*g + 142 + 115 - 17*g**3 - 258. Let r = -1 + 5. Let f = -3 + r. What is l(f)?
-16
Let t(w) = 2*w + 23. Let p(g) = -g - 20. Let s(i) = -3*p(i) - 2*t(i). Calculate s(16).
-2
Let r(p) = -23*p + 9. Let j(h) = -20*h + 9. Let i(a) = 5*j(a) - 4*r(a). Determine i(6).
-39
Let j(h) = -4*h**3 - 9*h**2 + 4*h + 11. Let z(w) = -5*w**3 - 11*w**2 + 5*w + 13. Let q(x) = -6*j(x) + 5*z(x). What is q(0)?
-1
Let t(u) be the first derivative of u**6/360 + u**5/20 - u**4/24 - 20*u**3/3 + 16. Let o(x) be the third derivative of t(x). Determine o(-5).
-6
Let h(a) = a**2 - 4*a - 8. Let j be h(6). Let g be (-5 - -2) + j - -3. Let d be ((-2)/g)/((-5)/20). Let f(o) = 4*o - 2. Calculate f(d).
6
Let w(f) = 2*f**2 + f. Let n(t) = 2*t - 34. Let g be n(20). Let h be (-3)/g*1*4. Give w(h).
6
Let m be (-3 + 2)/((-3)/18). Let o(c) = 5*c - 1. Let h(s) = -2*s. Suppose 7*j - 4*j + 21 = 0. Let b(t) = j*h(t) - 3*o(t). Give b(m).
-3
Let m(h) = 3*h**3 + 3*h**2 - 13*h - 6. Let y(c) = -6*c**3 - 5*c**2 + 23*c + 11. Let j(d) = -5*m(d) - 3*y(d). Determine j(-2).
-19
Let o be 3/(-1) + 10/5. Let f be 4 + (4 - (o + 4)). Let g(m) = -m + 1. What is g(f)